 1. Calculate r(t).
9
Let t(g) be the second derivative of -1/2*g**2 + 0*g**3 + 0 + 1/4*g**4 + g. Calculate t(-1).
2
Let c(b) be the first derivative of -2*b**3/3 - b**2 + b - 29. Let t = -2 - 0. What is c(t)?
-3
Let j(w) = w**3 + 4*w**2 + w - 1. Suppose 15*x + 22 = -23. Give j(x).
5
Let m(c) = c**2 - c + 1. Let i(r) = -2 - 2*r**2 + 2*r + 5 + 0*r**2 - 2. Let v(j) = i(j) + 3*m(j). Determine v(0).
4
Let c(p) = -5*p - 2. Let s(q) = q**2. Let b(v) = c(v) - s(v). Determine b(-2).
4
Let z = 0 + -2. Let m(w) be the first derivative of w**3/3 + w**2 - w - 4. Give m(z).
-1
Let z(q) be the third derivative of 0 + 5/6*q**3 + 1/120*q**6 + 1/12*q**4 + 0*q + 1/10*q**5 - 3*q**2. Give z(-6).
-7
Let m(g) = 3 + g + 0*g + 0*g - 3*g. Give m(-3).
9
Let w(n) = -n**2 + n + 1. Let o(k) be the first derivative of -k**3/3 + k**2/2 - 3*k + 3. Let y(c) = -o(c) + 2*w(c). Determine y(0).
5
Let j(s) = 0 + 3 - 1 + 7*s - s**2. Suppose -2*h + 3 = -x + 5, -4*x - 5*h + 34 = 0. What is j(x)?
8
Let n(f) = -f - 7. Let r be 42/(-4)*(-6)/(-9). Calculate n(r).
0
Suppose 5*x - 25 = -0*x. Let f(k) = 2*k - 4. Calculate f(x).
6
Let n(i) be the third derivative of i**6/120 + i**5/120 + i**4/6 + 5*i**2. Let j(p) be the second derivative of n(p). Determine j(-1).
-5
Suppose -2*s = k - 8, -4*k = 2*s + s - 52. Let d = -10 + k. Suppose -o - o = d. Let g(n) = n**2 + 2*n + 1. Give g(o).
4
Let z(f) = -7*f**3 - 2*f**2 + f + 1. Let v(p) = 8*p**3 + 3*p**2 - p - 1. Let i(o) = -3*v(o) - 4*z(o). Let t be 2*2/3*(-30)/40. Calculate i(t).
-5
Let b = -18 - -36. Let m = -34 + b. Let x be 3/(-5) - m/(-40). Let i(o) = 13*o + 1. Calculate i(x).
-12
Let a(u) = -u**2 - u + 1. Suppose 5*s = -0*n - 5*n, -n + 3 = 4*s. Let f = 4 - 1. Suppose s = f*r - 5, d + r = 4. What is a(d)?
-5
Let d(i) = 4*i**2 + i - 3. Let c(k) = 20*k**2 + 5*k - 16. Let m(h) = 2*c(h) - 11*d(h). Calculate m(1).
-4
Let x(v) = v**3 - 4*v**2 - 5*v - 4. Let q be x(5). Let y = q + 2. Let k(l) = -l**3 - 4*l**2 - 2*l + 1. Give k(y).
-3
Suppose -16 = 3*f + f. Let y(o) = -o**2 + 8*o + 2. Let b(p) = -3*p**2 + 23*p + 6. Let j(g) = f*b(g) + 11*y(g). Give j(4).
-2
Let y(w) = w. Let f be y(-2). Let u be (-3 - f)*(-2 - 0). Let j(x) = u*x + 3*x**2 - 2*x**2 + 1 - x. Calculate j(-2).
3
Let a(y) = -4*y**2 + 4*y - 3. Let t(n) = 6*n**2 + n. Let b be t(-1). Suppose 2*m + 8 = 0, b*m = l + 2*l - 26. Give a(l).
-11
Let v(n) = 4*n**3 + 10*n**2 - 9*n + 6. Let p = 1 + -4. Let f be 5*(5 + -3 + p). Let q(m) = m**3 + m**2 - m. Let w(h) = f*q(h) + v(h). What is w(4)?
6
Let y = -1 - -3. Let h be (-2)/2*(2 - y). Let i(v) = -v**2 - v - 2. Let c(o) = -2*o**2 - 4*o - 2. Let a(f) = c(f) - 3*i(f). Calculate a(h).
4
Let r(f) = -9*f + 6. Let a(w) = -9*w + 5. Let t(q) = 5*a(q) - 4*r(q). Suppose 11*c - 10*c - 1 = 0. Give t(c).
-8
Let d(y) = -2 - 2*y + 1 + y - 3. Let t be d(-4). Suppose x - 2 = -t. Let r(g) = -2*g**2 + g + 1. What is r(x)?
-5
Let b(r) = -r**2 + 7*r - 9. Let t(z) = z**3 + 4*z**2 + 3. Let l be t(-4). Suppose 0 = -l*u - 0*h + 5*h + 23, -3*h = -5*u + 33. Calculate b(u).
-3
Suppose 2*p = 4*m + 4 - 26, -2*p + 8 = 2*m. Let q(t) = -7*t - 1. Determine q(p).
6
Let i(w) = -5 + 152*w - 158*w + 3*w**3 - 4*w**3 + 8*w**2. Determine i(7).
2
Let n be ((-6)/8)/(-1)*4. Let v(c) = -c**2 + 3*c. Let t(f) = 5. Let j(w) = 11. Let g(a) = -6*j(a) + 13*t(a). Let x(y) = -g(y) + v(y). Give x(n).
1
Let q(v) be the second derivative of -v**3/6 + v**2 - v. Suppose -7*f = -5*f - 4. Calculate q(f).
0
Let s(l) = 2*l**3 + 5*l**2 + l - 4. Let a = -27 - -24. Calculate s(a).
-16
Suppose 4 = 4*s - 4. Suppose 0*l + 15 = 5*l. Let g(w) = 5*w - 1 + 2*w**2 - l*w - 4*w. Calculate g(s).
3
Let h(n) be the third derivative of n**4/8 + n**3/6 + 2*n**2. Let s be 2/(0/(-4) - 2). Calculate h(s).
-2
Suppose -4*n = -0*n. Suppose 0 = -3*y - n*y. Let d(c) be the second derivative of c**5/20 + 3*c**2 - c. Calculate d(y).
6
Let t be (-6)/(-4) + (-6)/4. Let v(g) = g**2 - 2*g**2 + 2 - 6. Determine v(t).
-4
Suppose -6 - 4 = -5*a. Let m(l) = -l**3 + 6*l**2 + 2 - 4*l - a*l**2 + 1. Determine m(3).
0
Let b(p) be the second derivative of p**3/6 + 2*p**2 + 5*p. Let y(m) = -m - 1. Let r(t) = -b(t) - 3*y(t). Let c be (-2 + (1 - 1))*-2. Give r(c).
7
Let a(v) = v**3 - 4*v**2 - 5*v - 4. Let t be a(5). Let x be 1*t*4/(-4). Let d(p) = p + 1. What is d(x)?
5
Let p(w) be the first derivative of -w**4/4 + w**3/3 + w**2/2 - w + 92. Let h be -1 + -1 + 0/(-3). What is p(h)?
9
Let y(b) = 4*b**3 - b**2 + 1. Suppose 2*z = -3*w - 11, -3*z = 2*w - 4*z + 12. Let o = -6 - w. Give y(o).
-4
Suppose -4*a - 7 = 5*h - 46, a = 5*h - 34. Let x(g) = g**2 - 6*g. Calculate x(h).
7
Let o(y) = 2*y - 2. Let r(s) = 4*s - 2 + 5*s - 6*s. Let h be r(3). Let n = 10 - h. Calculate o(n).
4
Suppose 0 = -2*b + 5*a - a + 4, 0 = 2*b + 3*a - 4. Suppose y = -b*y + 9. Let l(m) be the first derivative of -m**3/3 + m**2/2 - 4. Give l(y).
-6
Let w = -1 - -1. Let n = 1 + w. Let m(q) be the second derivative of -q**5/10 + 2*q. What is m(n)?
-2
Let z(g) = -1. Let f(c) = c**2 + 4*c - 2. Let p(s) = f(s) - 2*z(s). Let o be p(-5). Suppose -d - 20 = -o*d. Let a(m) = -m**2 + 6*m - 1. What is a(d)?
4
Let q(b) = -b**2 - b. Let o(r) = 6*r**2 + 8*r - 4. Let z(p) = -o(p) - 5*q(p). Let s(k) = 5*k + 1. Let f be s(1). Let w be (-14)/f - (-6)/(-9). Give z(w).
4
Let f(p) be the second derivative of p**3/6 - 7*p. Determine f(-3).
-3
Let a(m) be the first derivative of -m**4/4 + m**3 + m**2/2 + 5*m + 1. Suppose -24 = -3*h - 3*i, -12 = -4*h + i - 0. What is a(h)?
-7
Let o(k) = 3*k - 2. Let x(m) = m - 1. Let q(a) = 2*o(a) - 7*x(a). Calculate q(-5).
8
Suppose h + 3*h - 16 = 0. Let g(z) = -z**3 + 4*z**2 - 2*z - 2. Calculate g(h).
-10
Let w(v) be the first derivative of -1/20*v**5 + 1/6*v**4 + v**2 - 1/120*v**6 + 2 + 2/3*v**3 + 0*v. Let o(c) be the second derivative of w(c). Calculate o(-4).
4
Let a(r) = 19*r**2 - 9. Suppose 5*m + 50 = 3*j, 2*j = 4*m + 3*j + 23. Let y(c) = -9*c**2 + 4. Let t = 1 + -4. Let d(g) = m*y(g) + t*a(g). Determine d(-1).
5
Suppose -4*c + 2*i + 28 = 0, 0 = 4*c - 4*i - 0*i - 36. Let j(q) = q - 9. Determine j(c).
-4
Let z = -15 - -17. Suppose -z*y + 0*y = 8, 3*y = -3*f + 3. Let w(l) = l**3 - 6*l**2 + 2*l - 1. Determine w(f).
-16
Let l(x) = x**2 - 10*x - 13. Let q be l(10). Let n = -7 - q. Let d(h) = h**3 - h + 8. Let i(k) = k**2. Let c(u) = d(u) - 6*i(u). Give c(n).
2
Suppose -3*g = -2*i + 4, -3*i + 11 = -g - 2. Suppose 4*v + c = 1, 0*c = -4*v - 3*c - i. Let z(u) = 5*u + 10*u**2 - 4*u + 3*u - 1 - 3*u. What is z(v)?
10
Let c be (-1 + 3)*-4*1. Let p(k) = -k - 7. Determine p(c).
1
Suppose -3*n + 9 - 18 = -4*t, 0 = -5*t + 2*n + 20. Let l = -4 + t. Let o(u) be the third derivative of u**6/120 - u**5/30 - u**3/3 - 2*u**2. Give o(l).
-2
Let d(g) = g + 2. Let s(c) = -3*c**3 + 3*c**2 - 3*c + 1. Let v be s(2). Let h = v + 8. Let p be ((-6)/h)/((-2)/12). What is d(p)?
-2
Let i(w) = 7*w - 11. Let u(m) = -m + 1. Let j(t) = i(t) + 6*u(t). Give j(-5).
-10
Suppose 3*n + 16 = -n. Let r(y) = -y**2 - 6 + 2*y + 2*y**2 + 1. Give r(n).
3
Let j(w) = -w**3 + 3*w + 0*w**3 - 2*w + 0*w - 1 + 3*w**2. Calculate j(2).
5
Let s(q) = -q**3 - 7*q**2 - 7*q + 2. Let w be s(-6). Let a(r) = -r**2 + 10*r - 10. Give a(w).
6
Let u be 372/(-30) + (-4)/(-10). Let a be (-48)/8*2/u. Let t(p) be the first derivative of -p**2/2 + p + 2. Determine t(a).
0
Let f(l) = -l**3 - 6*l**2 - 8*l - 7. Let g(z) = 2*z**2 - 3*z. Let c be g(3). Suppose 0 = -5*u + 20, -3*i - c = -u - 2*u. Let r = -4 - i. Determine f(r).
8
Let x(h) = 5*h**2 - 14*h + 3. Let t(i) = -i**2 - 15*i + 10. Let n(a) = a**2 + 10*a - 7. Let l(d) = 7*n(d) + 5*t(d). Let o(m) = 8*l(m) - 3*x(m). Give o(-4).
7
Let o(j) = 5*j**3 - 2*j + 1. Let f be o(1). Let v = f - 1. Let q(b) = -8*b**2 + 7*b**2 + 2*b + 5 - 2 - 7. What is q(v)?
-7
Let u(o) = 6 + 2 + 138*o**2 - 137*o**2 - 12*o. Determine u(11).
-3
Suppose -4*n + 14 = -2*z, 3*z - 4 = -0*z + n. Let r(f) = -f + 0*f**z - 6 - 5*f**2 - f**3 + 3 - 2*f. Calculate r(-4).
-7
Let n(z) = 16*z**2 - 1 + 15*z**2 - 2 - 4*z - 30*z**2. Determine n(5).
2
Let v = -11 - -8. Let k be 1/(-9)*v*15. Let i = k + -9. Let w(y) = y**2 + 4*y + 3. Give w(i).
3
Let x(b) be the second derivative of -2/3*b**3 - 5/24*b**4 + 1/40*b**5 - 3*b + 0 + 0*b**2. Let y(r) be the second derivative of x(r). Determine y(4).
7
Let l = -37 - -37. Let q(c) = c**2 - c - 7. Give q(l).